ds digit of 174759/26*72/54?
8
Let a = -42 - -58. Let j be (-54)/(-72) - (-2)/(a/1354). Suppose -4*q + 3*w = -336, 0*q + j = 2*q - w. What is the tens digit of q?
8
Let u be (3 - -25)*(-2 + 1). Let h = 34 + u. What is the units digit of (0 + h + -5)*(0 + 65)?
5
Suppose 5*x - q + 15 = 5, -q = 2*x + 11. What is the hundreds digit of 2/x*(-975)/2?
3
Suppose -5599 + 680490 = 22*o + 45*o. What is the units digit of o?
3
Suppose -2*r - 12 = -0*g + 5*g, -4 = -4*r - 3*g. Suppose -4*b - 1912 = -4*f, -f + 2*b - r*b = -487. What is the hundreds digit of f?
4
Suppose 21*k = 27*k - 1416. Let u = 413 - k. What is the hundreds digit of u?
1
Let j(v) = 179*v - 174. What is the tens digit of j(2)?
8
Let m(i) = -i**3 - 22*i**2 - i - 30. Let c be m(-22). Let j be (-3088)/(-20)*(-20)/c. Let z = j + -95. What is the tens digit of z?
9
Suppose -164*p = -5*c - 161*p + 113965, -113940 = -5*c - 2*p. What is the hundreds digit of c?
7
Suppose 3*f = -5*v + 27, -5*f + v + 5 = -3*f. Suppose f*w = 2*n - 10, -25 = 5*w - 6*n + n. What is the hundreds digit of -37*(w - (3 - 0))?
1
Suppose -9*a + 255619 = 28*a - 293091. What is the thousands digit of a?
4
Let q(m) = 97*m - 31. Let p be q(2). Suppose v + 15 + 37 = 0. Let y = p + v. What is the hundreds digit of y?
1
Let k be (-2 - (-14)/4)*4. Suppose k*i - 36 = -3*i. Suppose 4*o - 821 = -5*l, -i*l - 2*o + 813 = l. What is the hundreds digit of l?
1
Let u(g) = 7*g**2 - 4*g - 5. Let t(r) = -8*r**2 + 4*r + 7. Let n(j) = 4*t(j) + 6*u(j). What is the tens digit of n(-7)?
4
Let h(f) = f**3 - 7*f**2 + 14*f - 10. Let i be h(5). Suppose 4*w + 30 = i. Let d(l) = -9*l - 6. What is the units digit of d(w)?
9
Let y(t) = t**3 + 49*t**2 - 383*t - 84. What is the tens digit of y(-35)?
7
Suppose 3*z = -2*a + 35517, 3468 = 2*a - 3*z - 32031. What is the units digit of a?
4
Suppose 328925 = -25*y + 1547600. What is the thousands digit of y?
8
Let k = -34 + 34. Let v be (k + (-4)/3)*3/2. What is the units digit of 1/(v/(-6)) + 23/(-23)?
2
Let k = 2253 + -295. What is the thousands digit of k?
1
Suppose -144*y = -9828 + 2772. What is the tens digit of y?
4
Suppose 12*s + 871918 + 774359 = 83*s. What is the thousands digit of s?
3
Let w(p) = 21*p**2 + p - 1. Let r be w(2). Let u = r + -84. What is the tens digit of 10/(-10) - u*-17?
1
Suppose -34693*h = -34708*h + 822690. What is the units digit of h?
6
Let v(c) be the first derivative of c**3/3 - 2*c**2 - 7*c - 17. Let o be v(3). Let d(s) = -s**2 - 16*s - 13. What is the tens digit of d(o)?
4
Suppose p + 420 = 4*z - 441, -1077 = -5*z + p. Suppose 9*b - 27*b = -z. What is the units digit of (-1580)/(-140) - (b/(-7) + 2)?
1
Let l = 2547 - -735. Suppose 0 = a - 5*v - 1113, l = -0*a + 3*a + 4*v. What is the hundreds digit of a?
0
Let y(c) = 1358*c + 141. Let g be y(3). Let q = g + -2135. What is the hundreds digit of q?
0
Suppose -5*y + 25 = 5*j, -5*y + 37 = 5*j - 6*j. Suppose 0 = -y*w + 596 + 2729. What is the units digit of w?
5
Let x = 7 + 12. Suppose -x*k = -27*k + 2920. What is the units digit of k?
5
Let d(s) = 8*s**2 - 2*s + 1. Let c(q) = 4*q**2 - q. Let i(u) = 9*c(u) - 4*d(u). Let g = -980 - -976. What is the tens digit of i(g)?
6
Suppose -5*a + 3*h + 18180 + 29198 = 0, 5*h = -3*a + 28454. What is the thousands digit of a?
9
Let m = -94 - -102. What is the units digit of ((-6)/4)/(6/m)*-123?
6
Suppose -k + 5*k = 4*f + 5632, -4*k + 5623 = 5*f. What is the thousands digit of k?
1
Suppose -12 = -4*s, -5*r + 8 = 4*s + 6. Let z(i) = 94*i**2 - 3*i - 10. What is the units digit of z(r)?
2
Suppose 54*r + 7294 = 55*r + 5*p, -6 = 3*p. What is the hundreds digit of r?
3
Suppose 5*d + 4*g = 92 - 12, -3*d = 5*g - 35. Suppose -14*r + d*r = 24. Suppose -n + r*l = -0*l - 170, 0 = -4*n + 3*l + 628. What is the units digit of n?
4
Let r = -73 - -117. What is the tens digit of r + ((-22)/5 - (-46)/115)?
4
Let t(y) = y**3 + y**2 - y - 13. Let b be t(0). Let q be 36/(-16) - -3 - b/4. Suppose 2*v + 3*m - 1 + 11 = 0, -q*m - 11 = 5*v. What is the units digit of v?
1
Let r = -228 - -135. What is the units digit of (62 + -2)*(-3)/(36/r)?
5
Suppose -13 = -3*f + 176. Let j(o) = o**2 - 109*o + 711. Let v be j(7). Let b = f + v. What is the tens digit of b?
6
Let x(j) = -7 + 837*j - 561*j - 400*j. What is the units digit of x(-2)?
1
Suppose -9118 = -3*u + 18*f - 22*f, -2*u + 4*f + 6052 = 0. What is the thousands digit of u?
3
What is the tens digit of (-4)/(-28) + 1636433/287?
0
Let f be -28 + 3 + -3 + -4. Let d = f + 8. Let r = 57 + d. What is the units digit of r?
3
Let o(x) = 45*x - 31. Suppose -8*g + 9*g = 5*y - 44, 3*y + 5*g = 4. What is the tens digit of o(y)?
2
Let i = 77960 + -54478. What is the thousands digit of i?
3
Let m = 18614 + -4631. What is the thousands digit of m?
3
Let n = -41399 - -73236. What is the thousands digit of n?
1
Let a(m) = -153*m**3 - 18*m**2 - 34*m + 5. What is the thousands digit of a(-2)?
1
Suppose -214 = -16*u + 5466. Suppose -34 - u = -r. What is the tens digit of r?
8
Let m be 10/(-8) - (4 - 34/8). Let c = 4 - m. Suppose c*w - 4*i - 71 = 2*w, 17 = w - 3*i. What is the units digit of w?
9
What is the tens digit of (0 + 5039/(-7))/((-167)/1169)?
3
Let k(l) = -114*l - 54. Let b(a) = 19*a + 9. Let h(o) = -39*b(o) - 6*k(o). What is the units digit of h(-12)?
7
Suppose -2*d + 19358 = 6*n, 3*d + 0*n - 28989 = -n. What is the hundreds digit of d?
6
Suppose 0 = -4*m - 3*j + 58823, -4*j - 2015 - 56773 = -4*m. What is the units digit of m?
2
Let o(b) be the second derivative of b**5/20 - 23*b**4/12 + 9*b**2/2 + 20*b. Suppose 5*n = 126 - 11. What is the units digit of o(n)?
9
Suppose -2*j = -13 - 1. Suppose 0 = -4*m + j*m + 15, o - 3*m - 11 = 0. Let a(w) = -w**3 + 5*w**2 + 6*w + 4. What is the units digit of a(o)?
4
What is the tens digit of 7 - (92940/(-15) - 9)?
1
Suppose -5*r = 4*s - 92, -3*r = -s + 6*s - 50. Let x(o) = 30*o - 94. What is the tens digit of x(r)?
0
Let d be (-336)/80 - (-2)/10. Let v be (-8)/d + -20 - 3. What is the hundreds digit of (-2360)/(-14) - 9/v?
1
Let u = -54569 - -92582. What is the hundreds digit of u?
0
Suppose 14*h = 15*h. Suppose h = 2*l - 2, 3*d - l - 12 = -4*l. Suppose 0 = -y - 2*i + 115, d*y + 5*i = -0*y + 346. What is the hundreds digit of y?
1
Let m(o) be the second derivative of 13*o**4/12 + 5*o**3/6 + 2*o**2 - 12*o - 4. What is the hundreds digit of m(-5)?
3
Let q be (6/(-9))/1 + (-24)/(-9). Suppose 0 = -q*g - 44 + 648. What is the units digit of g?
2
Suppose 1 - 3 = -2*q. Let x(o) = 3*o**3 + o**2 - o. Let s be x(q). Suppose s*f - 649 = 4*l, -4*f - 5*l = f - 1140. What is the hundreds digit of f?
2
Let o(u) = 5*u**2 - 21*u - 214. What is the thousands digit of o(43)?
8
Suppose 352101 - 2370405 = -92*s - 124*s. What is the tens digit of s?
4
Suppose 42*p + 69801 = 182613. What is the units digit of p?
6
Let t be (-8)/(-2) - (-9 - (-13 - -4)). What is the units digit of (18/(-5))/((-426)/105 + t)?
3
Let w be ((-4)/(-7) - 136/140)*-445. Let i = w + -85. Suppose i*c = 92*c + 138. What is the units digit of c?
8
Suppose 2*d = a + 6080, -37*d + 3058 = -36*d - 5*a. Let x = -1309 + d. What is the thousands digit of x?
1
Suppose 89664 = 4*i + 3*i - 62964. What is the hundreds digit of i?
8
Let u(m) = -m**3 + 4*m**2 + m - 2. Let r be u(4). Let x be ((-4)/6)/(r/(-9)). Suppose 211 = 2*p - n + 4, x*n + 315 = 3*p. What is the tens digit of p?
0
Suppose 1624 + 42 = 7*k. Let q = k + -109. Suppose 3*a - 6*g - 164 = -10*g, -3*a + 3*g = -q. What is the tens digit of a?
4
What is the tens digit of (19173/18 + (-15)/(-10))*(-51)/(-2)?
0
Let z(q) = -593*q - 1912. What is the thousands digit of z(-37)?
0
Let v be (4/((-2)/1))/((-2)/182). Let l = v - 158. What is the tens digit of l?
2
Let f be ((-24)/10)/(5/(-25)). Let o(i) = i**2 - 5*i + 6. Let z be o(10). Suppose -f*r = -10*r - z. What is the units digit of r?
8
Suppose 5*n - 3*z = 32, 6*n - 2*z = 4*n + 16. Suppose v = 73 - n. Suppose -3*q + v + 183 = 0. What is the units digit of q?
4
Suppose -4*d + 8*o = 4*o - 2348, -2*d - 5*o = -1160. Let q = 986 - d. What is the tens digit of q?
0
Let y(t) = -495*t**3 + 2*t**2 - 29*t - 64. What is the tens digit of y(-4)?
6
Let r(f) = -f**3 + 7*f**2 - 11*f + 13. Let c be r(6). Let s = 231 + c. What is the units digit of s?
4
Let x be ((-2)/3)/((-30)/24165). Let h = x + 348. What is the 